tors of 771503.
771503
What are the prime factors of 104773?
104773
What are the prime factors of 113565?
3, 5, 67, 113
List the prime factors of 585061.
585061
List the prime factors of 6546440.
2, 5, 163661
What are the prime factors of 22295629?
43, 163, 3181
List the prime factors of 186257.
19, 9803
What are the prime factors of 1619332?
2, 11, 13, 19, 149
List the prime factors of 994718.
2, 239, 2081
What are the prime factors of 5090149?
5090149
What are the prime factors of 5283424?
2, 41, 4027
What are the prime factors of 103053?
3, 34351
List the prime factors of 288609.
3, 17, 5659
What are the prime factors of 1526912?
2, 79, 151
List the prime factors of 2285934.
2, 3, 7, 37, 1471
List the prime factors of 4878725.
5, 19, 10271
What are the prime factors of 399607?
13, 59, 521
List the prime factors of 99658.
2, 13, 3833
List the prime factors of 199579.
109, 1831
What are the prime factors of 2417207?
13, 14303
List the prime factors of 8772215.
5, 43, 40801
What are the prime factors of 4048108?
2, 17, 59, 1009
List the prime factors of 1107337.
7, 11, 73, 197
What are the prime factors of 2219264?
2, 8669
List the prime factors of 402435.
3, 5, 11, 271
List the prime factors of 1707979.
7, 13, 137
What are the prime factors of 364907?
29, 12583
List the prime factors of 136002.
2, 3, 19, 1193
What are the prime factors of 197969?
197969
What are the prime factors of 717307?
19, 1987
List the prime factors of 6141701.
593, 10357
List the prime factors of 1173713.
23, 51031
What are the prime factors of 26479920?
2, 3, 5, 19, 5807
List the prime factors of 67859.
11, 31, 199
List the prime factors of 544588.
2, 11, 12377
List the prime factors of 8678533.
797, 10889
List the prime factors of 51363.
3, 13, 439
What are the prime factors of 391007?
29, 97, 139
What are the prime factors of 21540804?
2, 3, 1795067
What are the prime factors of 238388?
2, 61, 977
What are the prime factors of 9291282?
2, 3, 7, 11, 13, 17
What are the prime factors of 392943?
3, 130981
What are the prime factors of 196720?
2, 5, 2459
What are the prime factors of 618988?
2, 154747
What are the prime factors of 82194?
2, 3, 7, 19, 103
What are the prime factors of 3655021?
3655021
List the prime factors of 1060787.
7, 13, 11657
List the prime factors of 3852343.
11, 350213
What are the prime factors of 833488?
2, 113, 461
What are the prime factors of 91025?
5, 11, 331
What are the prime factors of 9825395?
5, 251, 7829
List the prime factors of 1945020.
2, 3, 5, 7, 11, 421
List the prime factors of 191722.
2, 257, 373
What are the prime factors of 8074376?
2, 41, 103, 239
What are the prime factors of 13001913?
3, 1444657
What are the prime factors of 846587?
7, 120941
List the prime factors of 10903780.
2, 5, 545189
What are the prime factors of 197877?
3, 71, 929
List the prime factors of 17568266.
2, 37, 237409
List the prime factors of 638301.
3, 263, 809
What are the prime factors of 3241046?
2, 1620523
List the prime factors of 1223098.
2, 611549
What are the prime factors of 696373?
696373
List the prime factors of 51910.
2, 5, 29, 179
What are the prime factors of 5969577?
3, 31, 64189
What are the prime factors of 9916?
2, 37, 67
List the prime factors of 8871460.
2, 5, 13, 149, 229
What are the prime factors of 11141357?
11141357
What are the prime factors of 433838?
2, 216919
List the prime factors of 1007905.
5, 201581
What are the prime factors of 26446520?
2, 5, 113, 5851
List the prime factors of 6450347.
6450347
What are the prime factors of 60115?
5, 11, 1093
List the prime factors of 2757165.
3, 5, 397, 463
What are the prime factors of 1137762?
2, 3, 31, 2039
What are the prime factors of 29804585?
5, 5960917
List the prime factors of 8044064.
2, 7, 35911
List the prime factors of 148773.
3, 101, 491
List the prime factors of 6188741.
13, 587, 811
List the prime factors of 776776.
2, 7, 11, 13, 97
List the prime factors of 686939.
11, 197, 317
What are the prime factors of 14503?
14503
What are the prime factors of 2609457?
3, 869819
What are the prime factors of 670518?
2, 3, 4139
What are the prime factors of 8478641?
8478641
What are the prime factors of 101035?
5, 11, 167
List the prime factors of 7492550.
2, 5, 13, 11527
What are the prime factors of 11342913?
3, 3780971
List the prime factors of 6894488.
2, 79, 10909
What are the prime factors of 1145100?
2, 3, 5, 11, 347
List the prime factors of 920474.
2, 19, 24223
List the prime factors of 714848.
2, 89, 251
List the prime factors of 18747023.
18747023
What are the prime factors of 2303897?
43, 131, 409
List the prime factors of 10493411.
10493411
What are the prime factors of 3328070?
2, 5, 47, 73, 97
List the prime factors of 6630677.
19, 163, 2141
What are the prime factors of 15876738?
2, 3, 83, 10627
List the prime factors of 19905093.
3, 13, 61, 2789
What are the prime factors of 1198192?
2, 74887
What are the prime factors of 49902?
2, 3, 8317
List the prime factors of 76922.
2, 38461
What are the prime factors of 620512?
2, 19391
List the prime factors of 575188.
2, 143797
List the prime factors of 376771.
17, 37, 599
List the prime factors of 2105443.
23, 91541
List the prime factors of 34526327.
11, 29, 108233
List the prime factors of 3230802.
2, 3, 239, 751
What are the prime factors of 21505160?
2, 5, 43, 12503
What are the prime factors of 4804902?
2, 3, 173, 1543
What are the prime factors of 321237?
3, 7, 5099
What are the prime factors of 12313437?
3, 43, 53, 1801
What are the prime factors of 2151801?
3, 47, 5087
List the prime factors of 144436.
2, 36109
What are the prime factors of 3298432?
2, 73, 353
List the prime factors of 6234044.
2, 1558511
What are the prime factors of 127913?
127913
List the prime factors of 1070951.
7, 152993
What are the prime factors of 556168?
2, 19, 3659
What are the prime factors of 553114?
2, 276557
List the prime factors of 847640.
2, 5, 21191
List the prime factors of 32000149.
2281, 14029
What are the prime factors of 3342853?
41, 81533
List the prime factors of 560534.
2, 13, 21559
List the prime factors of 4111.
4111
What are the prime factors of 790245?
3, 5, 17, 1033
What are the prime factors of 2164844?
2, 11, 49201
What are the prime factors of 720844?
2, 180211
What are the prime factors of 369103?
7, 67, 787
List the prime factors of 900329.
900329
What are the prime factors of 854043?
3, 284681
List the prime factors of 25729972.
2, 131, 49103
List the prime factors of 6042463.
7, 17, 50777
What are the prime factors of 92708?
2, 7, 11, 43
What are the prime factors of 9633361?
19, 97, 5227
What are the prime factors of 239444?
2, 31, 1931
List the prime factors of 10807603.
47, 229949
What are the prime factors of 1345520?
2, 5, 11, 139
What are the prime factors of 3623658?
2, 3, 173, 3491
What are the prime factors of 383602?
2, 191801
List the prime factors of 562869.
3, 6949
List the prime factors of 13180966.
2, 6590483
List the prime factors of 4900315.
5, 7, 140009
List the prime factors of 1475394.
2, 3, 245899
What are the prime factors of 4214681?
23, 183247
What are the prime factors of 2188942?
2, 7, 156353
List the prime factors of 16401361.
43, 191, 1997
List the prime factors of 533433.
3, 177811
List the prime factors of 5448067.
5448067
List the prime factors of 68865.
3, 5, 4591
What are the prime factors of 4088910?
2, 3, 5, 7, 19471
What are the prime factors of 2849985?
3, 5, 31, 227
What are the prime factors of 3977954?
2, 19, 104683
What are the prime factors of 567353?
97, 5849
List the prime factors of 5868075.
3, 5, 78241
What are the prime factors of 328690?
2, 5, 32869
List the prime factors of 24379233.
3, 8126411
List the prime factors of 140803.
13, 10831
What are the prime factors of 320706?
2, 3, 5939
List the prime factors of 13721456.
2, 7, 101, 1213
What are the prime factors of 872501?
7, 124643
What are the prime factors of 3131387?
7, 439, 1019
List the prime factors of 3074200.
2, 5, 19, 809
List the prime factors of 924764.
2, 73, 3167
What are the prime factors of 489773?
53, 9241
List the prime factors of 290654.
2, 7, 13, 1597
List the prime factors of 154605.
3, 5, 11, 937
What are the prime factors of 5306078?
2, 73, 36343
What are the prime factors of 1